{"id":1588,"date":"2018-04-16T10:35:54","date_gmt":"2018-04-16T09:35:54","guid":{"rendered":"https:\/\/englischeuebersetzungen.de\/?page_id=1588"},"modified":"2019-02-10T17:11:29","modified_gmt":"2019-02-10T16:11:29","slug":"preise","status":"publish","type":"page","link":"https:\/\/englischeuebersetzungen.de\/?page_id=1588","title":{"rendered":"Preise"},"content":{"rendered":"<div id=\"pl-1588\"  class=\"panel-layout\" ><div id=\"pg-1588-0\"  class=\"panel-grid panel-has-style\" ><div class=\"siteorigin-panels-stretch panel-row-style panel-row-style-for-1588-0\" style=\"padding: 10px 0; \" data-stretch-type=\"full\" data-overlay=\"true\" data-overlay-color=\"#000000\" ><div id=\"pgc-1588-0-0\"  class=\"panel-grid-cell\" ><div id=\"panel-1588-0-0-0\" class=\"so-panel widget widget_sow-editor panel-first-child panel-last-child\" data-index=\"0\" ><div style=\"text-align: left;\" data-title-color=\"#443f3f\" data-headings-color=\"#443f3f\" class=\"panel-widget-style panel-widget-style-for-1588-0-0-0\" ><div class=\"so-widget-sow-editor so-widget-sow-editor-base\">\n<div class=\"siteorigin-widget-tinymce textwidget\">\n\t<h4><span lang=\"da-DK\"><strong>\u00dcbersetzungen<\/strong><\/span><\/h4>\n<p><span lang=\"da-DK\">Meine Preise k\u00f6nnen variieren, da manche Texte komplexer und deshalb schwieriger zu \u00fcbersetzen sind und der Zeitaufwand gr\u00f6\u00dfer ist. Normalerweise berechne ich eine \u00dcbersetzung nach der Anzahl der W\u00f6rter im Ursprungstext. Der Basispreis einer <strong>\u00dcbersetzung<\/strong> vom <strong>Deutschen<\/strong> <strong>ins Englische<\/strong> betr\u00e4gt 0,10 Euro pro Wort mit einem Mindestrechnungsbetrag von 30 Euro. Allerdings ist der Preis verhandelbar, doch dies h\u00e4ngt von der Komplexit\u00e4t, dem Format und der Dringlichkeit ab. Auch arbeite ich am Wochenende, ohne daf\u00fcr eine Extrageb\u00fchr zu verlangen. Falls eine \u00dcbersetzung an demselben Tag der Auftragserteilung fertiggestellt werden soll, w\u00fcrde ich mir einen verhandelbaren Aufschlag von bis zu 50\u00a0% vorbehalten<\/span>.<\/p>\n<h4 class=\"x_western\"><strong><span style=\"color: #443f3f;\">Korrekturlesen\/Editieren<\/span><\/strong><\/h4>\n<p>F\u00fcr das <strong>Korrekturlesen<\/strong> von Texten verlange ich circa 20\u201325 Euro die Stunde. Es ist schwer einen pr\u00e4zisen Preis zu nennen, ohne vorher den Text zu kennen. Der Preis h\u00e4ngt von der Komplexit\u00e4t des Textes ab und wie viel \u00c4nderungen vorzunehmen sind. Das <strong>Editieren<\/strong> dauert erfahrungsgem\u00e4\u00df l\u00e4nger und kann manchmal zu einer \u00c4nderung des Preises f\u00fchren. Beim Editieren wird der Text auf Tippfehler, Rechtschreib- und Grammatikfehler, stilistische Fehler und Fehler in der Kontinuit\u00e4t gepr\u00fcft. Selbstverst\u00e4ndlich wird jeder Text sorgf\u00e4ltig \u00fcberarbeitet, um einen Text in h\u00f6chster Qualit\u00e4t zu garantieren zu k\u00f6nnen.<\/p>\n<h4><strong>Transkriptionen<\/strong><\/h4>\n<p>F\u00fcr <strong>Abschriften<\/strong> verlange ich normalerweise circa 20 Euro pro Stunde. Ich verwende eine professionelle Software, um Abschriften zu erstellen und erbringe einen schnellen Service in h\u00f6chster Qualit\u00e4t f\u00fcr jegliche englischsprachige Ton- oder Videoaufzeichnung. Dieser Stundenpreis basiert auf einer klaren Aufzeichnungsqualit\u00e4t von einem oder zwei Sprechern. Eine Stunde Sprachaufzeichnung entspricht ungef\u00e4hr 4\u20136 Stunden Arbeit und der Preis bel\u00e4uft sich dann auf ca. 100 bis 150 Euro. Falls eine Abschrift sofort ben\u00f6tigt wird, kann sich der Preis unter Umst\u00e4nden erh\u00f6hen.<\/p>\n<p>&nbsp;<\/p>\n<p>&nbsp;<\/p>\n<p><strong><span id=\"result_box\" class=\"\" lang=\"de\" tabindex=\"-1\">Bitte beachten Sie, dass die oben genannten Preise keine Mehrwertsteuer enthalten<\/span>. Alle Kunden erhalten innerhalb von 30 Tagen nach R\u00fcckgabe des fertigen Textes eine Rechnung, die per Bank\u00fcberweisung mit einem Zahlungsziel von 10 Tagen f\u00e4llig wird.<\/strong><\/p>\n<\/div>\n<\/div><\/div><\/div><\/div><div id=\"pgc-1588-0-1\"  class=\"panel-grid-cell\" ><div id=\"panel-1588-0-1-0\" class=\"so-panel widget widget_sow-image panel-first-child\" data-index=\"1\" ><div style=\"text-align: left;\" data-title-color=\"#443f3f\" data-headings-color=\"#443f3f\" class=\"panel-widget-style panel-widget-style-for-1588-0-1-0\" ><div class=\"so-widget-sow-image so-widget-sow-image-default-afa9880912f4\">\n\n<div class=\"sow-image-container\">\n\t<img src=\"https:\/\/englischeuebersetzungen.de\/wp-content\/uploads\/2018\/04\/aga-putra-125108-unsplash-1024x1024.jpg\" width=\"1024\" height=\"1024\" srcset=\"https:\/\/englischeuebersetzungen.de\/wp-content\/uploads\/2018\/04\/aga-putra-125108-unsplash-1024x1024.jpg 1024w, https:\/\/englischeuebersetzungen.de\/wp-content\/uploads\/2018\/04\/aga-putra-125108-unsplash-150x150.jpg 150w, https:\/\/englischeuebersetzungen.de\/wp-content\/uploads\/2018\/04\/aga-putra-125108-unsplash-300x300.jpg 300w, https:\/\/englischeuebersetzungen.de\/wp-content\/uploads\/2018\/04\/aga-putra-125108-unsplash-768x768.jpg 768w, https:\/\/englischeuebersetzungen.de\/wp-content\/uploads\/2018\/04\/aga-putra-125108-unsplash-830x830.jpg 830w, https:\/\/englischeuebersetzungen.de\/wp-content\/uploads\/2018\/04\/aga-putra-125108-unsplash-230x230.jpg 230w, https:\/\/englischeuebersetzungen.de\/wp-content\/uploads\/2018\/04\/aga-putra-125108-unsplash-350x350.jpg 350w, https:\/\/englischeuebersetzungen.de\/wp-content\/uploads\/2018\/04\/aga-putra-125108-unsplash-480x480.jpg 480w\" sizes=\"(max-width: 1024px) 100vw, 1024px\" alt=\"\" \t\tclass=\"so-widget-image\"\/>\n<\/div>\n\n<\/div><\/div><\/div><div id=\"panel-1588-0-1-1\" class=\"so-panel widget widget_sow-image panel-last-child\" data-index=\"2\" ><div style=\"text-align: left;\" data-title-color=\"#443f3f\" data-headings-color=\"#443f3f\" class=\"panel-widget-style panel-widget-style-for-1588-0-1-1\" ><div class=\"so-widget-sow-image so-widget-sow-image-default-afa9880912f4\">\n\n<div class=\"sow-image-container\">\n\t<img src=\"https:\/\/englischeuebersetzungen.de\/wp-content\/uploads\/2018\/04\/chuttersnap-412981-unsplash-1-1024x768.jpg\" width=\"1024\" height=\"768\" srcset=\"https:\/\/englischeuebersetzungen.de\/wp-content\/uploads\/2018\/04\/chuttersnap-412981-unsplash-1-1024x768.jpg 1024w, https:\/\/englischeuebersetzungen.de\/wp-content\/uploads\/2018\/04\/chuttersnap-412981-unsplash-1-300x225.jpg 300w, https:\/\/englischeuebersetzungen.de\/wp-content\/uploads\/2018\/04\/chuttersnap-412981-unsplash-1-768x576.jpg 768w, https:\/\/englischeuebersetzungen.de\/wp-content\/uploads\/2018\/04\/chuttersnap-412981-unsplash-1-830x623.jpg 830w, https:\/\/englischeuebersetzungen.de\/wp-content\/uploads\/2018\/04\/chuttersnap-412981-unsplash-1-230x173.jpg 230w, https:\/\/englischeuebersetzungen.de\/wp-content\/uploads\/2018\/04\/chuttersnap-412981-unsplash-1-350x263.jpg 350w, https:\/\/englischeuebersetzungen.de\/wp-content\/uploads\/2018\/04\/chuttersnap-412981-unsplash-1-480x360.jpg 480w\" sizes=\"(max-width: 1024px) 100vw, 1024px\" title=\"chuttersnap-412981-unsplash\" alt=\"\" \t\tclass=\"so-widget-image\"\/>\n<\/div>\n\n<\/div><\/div><\/div><\/div><\/div><\/div><\/div>","protected":false},"excerpt":{"rendered":"<p>\u00dcbersetzungen Meine Preise k\u00f6nnen variieren, da manche Texte komplexer und deshalb schwieriger zu \u00fcbersetzen sind und der Zeitaufwand gr\u00f6\u00dfer ist. Normalerweise berechne ich eine \u00dcbersetzung nach der Anzahl der W\u00f6rter im Ursprungstext. Der Basispreis einer \u00dcbersetzung vom Deutschen ins Englische betr\u00e4gt 0,10 Euro pro Wort mit einem Mindestrechnungsbetrag von 30 Euro. Allerdings ist der Preis [&hellip;]<\/p>\n","protected":false},"author":4,"featured_media":0,"parent":0,"menu_order":0,"comment_status":"closed","ping_status":"closed","template":"page-templates\/page_fullwidth.php","meta":[],"_links":{"self":[{"href":"https:\/\/englischeuebersetzungen.de\/index.php?rest_route=\/wp\/v2\/pages\/1588"}],"collection":[{"href":"https:\/\/englischeuebersetzungen.de\/index.php?rest_route=\/wp\/v2\/pages"}],"about":[{"href":"https:\/\/englischeuebersetzungen.de\/index.php?rest_route=\/wp\/v2\/types\/page"}],"author":[{"embeddable":true,"href":"https:\/\/englischeuebersetzungen.de\/index.php?rest_route=\/wp\/v2\/users\/4"}],"replies":[{"embeddable":true,"href":"https:\/\/englischeuebersetzungen.de\/index.php?rest_route=%2Fwp%2Fv2%2Fcomments&post=1588"}],"version-history":[{"count":0,"href":"https:\/\/englischeuebersetzungen.de\/index.php?rest_route=\/wp\/v2\/pages\/1588\/revisions"}],"wp:attachment":[{"href":"https:\/\/englischeuebersetzungen.de\/index.php?rest_route=%2Fwp%2Fv2%2Fmedia&parent=1588"}],"curies":[{"name":"wp","href":"https:\/\/api.w.org\/{rel}","templated":true}]}}